{"id":862,"date":"2023-10-03T17:48:06","date_gmt":"2023-10-03T17:48:06","guid":{"rendered":"https:\/\/www.lescreusettes.fr\/?page_id=862"},"modified":"2023-10-16T14:09:25","modified_gmt":"2023-10-16T14:09:25","slug":"formation-post-permis","status":"publish","type":"page","link":"https:\/\/www.lescreusettes.fr\/?page_id=862","title":{"rendered":"Formation post-permis"},"content":{"rendered":"\t\t<div data-elementor-type=\"wp-page\" data-elementor-id=\"862\" class=\"elementor elementor-862\" data-elementor-post-type=\"page\">\n\t\t\t\t\t\t\t\t\t<section class=\"elementor-section elementor-top-section elementor-element elementor-element-538637a5 elementor-section-full_width elementor-section-height-min-height elementor-section-items-stretch elementor-section-content-middle elementor-reverse-tablet elementor-reverse-mobile elementor-section-height-default\" data-id=\"538637a5\" data-element_type=\"section\">\n\t\t\t\t\t\t<div class=\"elementor-container elementor-column-gap-no\">\n\t\t\t\t\t<div class=\"elementor-column elementor-col-50 elementor-top-column elementor-element elementor-element-7f999b7e\" data-id=\"7f999b7e\" data-element_type=\"column\" data-settings=\"{&quot;background_background&quot;:&quot;classic&quot;}\">\n\t\t\t<div class=\"elementor-widget-wrap elementor-element-populated\">\n\t\t\t\t\t\t\t\t<div class=\"elementor-element elementor-element-2a0717ae elementor-widget elementor-widget-spacer\" data-id=\"2a0717ae\" data-element_type=\"widget\" data-widget_type=\"spacer.default\">\n\t\t\t\t<div class=\"elementor-widget-container\">\n\t\t\t<style>\/*! elementor - v3.18.0 - 20-12-2023 *\/\n.elementor-column .elementor-spacer-inner{height:var(--spacer-size)}.e-con{--container-widget-width:100%}.e-con-inner>.elementor-widget-spacer,.e-con>.elementor-widget-spacer{width:var(--container-widget-width,var(--spacer-size));--align-self:var(--container-widget-align-self,initial);--flex-shrink:0}.e-con-inner>.elementor-widget-spacer>.elementor-widget-container,.e-con>.elementor-widget-spacer>.elementor-widget-container{height:100%;width:100%}.e-con-inner>.elementor-widget-spacer>.elementor-widget-container>.elementor-spacer,.e-con>.elementor-widget-spacer>.elementor-widget-container>.elementor-spacer{height:100%}.e-con-inner>.elementor-widget-spacer>.elementor-widget-container>.elementor-spacer>.elementor-spacer-inner,.e-con>.elementor-widget-spacer>.elementor-widget-container>.elementor-spacer>.elementor-spacer-inner{height:var(--container-widget-height,var(--spacer-size))}.e-con-inner>.elementor-widget-spacer.elementor-widget-empty,.e-con>.elementor-widget-spacer.elementor-widget-empty{position:relative;min-height:22px;min-width:22px}.e-con-inner>.elementor-widget-spacer.elementor-widget-empty .elementor-widget-empty-icon,.e-con>.elementor-widget-spacer.elementor-widget-empty .elementor-widget-empty-icon{position:absolute;top:0;bottom:0;left:0;right:0;margin:auto;padding:0;width:22px;height:22px}<\/style>\t\t<div class=\"elementor-spacer\">\n\t\t\t<div class=\"elementor-spacer-inner\"><\/div>\n\t\t<\/div>\n\t\t\t\t<\/div>\n\t\t\t\t<\/div>\n\t\t\t\t\t<\/div>\n\t\t<\/div>\n\t\t\t\t<div class=\"elementor-column elementor-col-50 elementor-top-column elementor-element elementor-element-63a2a9d8\" data-id=\"63a2a9d8\" data-element_type=\"column\">\n\t\t\t<div class=\"elementor-widget-wrap elementor-element-populated\">\n\t\t\t\t\t\t\t\t<div class=\"elementor-element elementor-element-5b43245e elementor-widget elementor-widget-heading\" data-id=\"5b43245e\" data-element_type=\"widget\" data-widget_type=\"heading.default\">\n\t\t\t\t<div class=\"elementor-widget-container\">\n\t\t\t<style>\/*! elementor - v3.18.0 - 20-12-2023 *\/\n.elementor-heading-title{padding:0;margin:0;line-height:1}.elementor-widget-heading .elementor-heading-title[class*=elementor-size-]>a{color:inherit;font-size:inherit;line-height:inherit}.elementor-widget-heading .elementor-heading-title.elementor-size-small{font-size:15px}.elementor-widget-heading .elementor-heading-title.elementor-size-medium{font-size:19px}.elementor-widget-heading .elementor-heading-title.elementor-size-large{font-size:29px}.elementor-widget-heading .elementor-heading-title.elementor-size-xl{font-size:39px}.elementor-widget-heading .elementor-heading-title.elementor-size-xxl{font-size:59px}<\/style><h1 class=\"elementor-heading-title elementor-size-default\">Formation post-permis<\/h1>\t\t<\/div>\n\t\t\t\t<\/div>\n\t\t\t\t<div class=\"elementor-element elementor-element-298983b4 elementor-widget elementor-widget-text-editor\" data-id=\"298983b4\" data-element_type=\"widget\" data-widget_type=\"text-editor.default\">\n\t\t\t\t<div class=\"elementor-widget-container\">\n\t\t\t<style>\/*! elementor - v3.18.0 - 20-12-2023 *\/\n.elementor-widget-text-editor.elementor-drop-cap-view-stacked .elementor-drop-cap{background-color:#69727d;color:#fff}.elementor-widget-text-editor.elementor-drop-cap-view-framed .elementor-drop-cap{color:#69727d;border:3px solid;background-color:transparent}.elementor-widget-text-editor:not(.elementor-drop-cap-view-default) .elementor-drop-cap{margin-top:8px}.elementor-widget-text-editor:not(.elementor-drop-cap-view-default) .elementor-drop-cap-letter{width:1em;height:1em}.elementor-widget-text-editor .elementor-drop-cap{float:left;text-align:center;line-height:1;font-size:50px}.elementor-widget-text-editor .elementor-drop-cap-letter{display:inline-block}<\/style>\t\t\t\t<p>12 points plus vite ! La formation post-permis permet une r\u00e9duction de la p\u00e9riode probatoire.\u00a0<\/p>\t\t\t\t\t\t<\/div>\n\t\t\t\t<\/div>\n\t\t\t\t\t<\/div>\n\t\t<\/div>\n\t\t\t\t\t\t\t<\/div>\n\t\t<\/section>\n\t\t\t\t<section class=\"elementor-section elementor-top-section elementor-element elementor-element-69a4cca8 elementor-section-full_width elementor-section-content-middle elementor-section-height-default elementor-section-height-default\" data-id=\"69a4cca8\" data-element_type=\"section\">\n\t\t\t\t\t\t<div class=\"elementor-container elementor-column-gap-no\">\n\t\t\t\t\t<div class=\"elementor-column elementor-col-100 elementor-top-column elementor-element elementor-element-6f5e5ae\" data-id=\"6f5e5ae\" data-element_type=\"column\">\n\t\t\t<div class=\"elementor-widget-wrap elementor-element-populated\">\n\t\t\t\t\t\t\t\t<div class=\"elementor-element elementor-element-285e86ae elementor-widget elementor-widget-heading\" data-id=\"285e86ae\" data-element_type=\"widget\" data-widget_type=\"heading.default\">\n\t\t\t\t<div class=\"elementor-widget-container\">\n\t\t\t<h2 class=\"elementor-heading-title elementor-size-default\">D\u00e9roulement de la formation<\/h2>\t\t<\/div>\n\t\t\t\t<\/div>\n\t\t\t\t<div class=\"elementor-element elementor-element-22dccfaa elementor-widget elementor-widget-text-editor\" data-id=\"22dccfaa\" data-element_type=\"widget\" data-widget_type=\"text-editor.default\">\n\t\t\t\t<div class=\"elementor-widget-container\">\n\t\t\t\t\t\t\t<p>La formation post permis vous permet d&rsquo;obtenir 12 points plus rapidement !\u00a0<\/p><p>R\u00e9duction de la p\u00e9riode probatoire en seulement une journ\u00e9e de stage d&rsquo;une dur\u00e9e de 7 heures.<\/p><p>Elle concerne les jeunes d\u00e9tenteurs des permis B, A1, A2.<\/p><p>Elle permet d&rsquo;obtenir :<\/p><ul><li>Une r\u00e9duction de 6 mois de la p\u00e9riode probatoire Pour le permis AAC<\/li><li>Une r\u00e9duction de 1 an de la p\u00e9riode probatoire \u00e0 condition d&rsquo;\u00eatre titulaire d&rsquo;un premier permis B, A1 ou A2 obtenu depuis au moins 6 mois et maximum 12 mois.<\/li><li>N&rsquo;avoir commis aucune infraction ayant donn\u00e9 lieu \u00e0 une perte de points ou \u00e0 une restriction ou suspension de votre permis.<\/li><\/ul>\t\t\t\t\t\t<\/div>\n\t\t\t\t<\/div>\n\t\t\t\t\t<\/div>\n\t\t<\/div>\n\t\t\t\t\t\t\t<\/div>\n\t\t<\/section>\n\t\t\t\t<section class=\"elementor-section elementor-top-section elementor-element elementor-element-350e071e elementor-section-full_width elementor-section-height-default elementor-section-height-default\" data-id=\"350e071e\" data-element_type=\"section\">\n\t\t\t\t\t\t<div class=\"elementor-container elementor-column-gap-no\">\n\t\t\t\t\t<div class=\"elementor-column elementor-col-100 elementor-top-column elementor-element elementor-element-6db1c6d7\" data-id=\"6db1c6d7\" data-element_type=\"column\">\n\t\t\t<div class=\"elementor-widget-wrap elementor-element-populated\">\n\t\t\t\t\t\t\t\t<div class=\"elementor-element elementor-element-799e7fc2 gallery-spacing-custom elementor-widget elementor-widget-image-gallery\" data-id=\"799e7fc2\" data-element_type=\"widget\" data-widget_type=\"image-gallery.default\">\n\t\t\t\t<div class=\"elementor-widget-container\">\n\t\t\t<style>\/*! elementor - v3.18.0 - 20-12-2023 *\/\n.elementor-image-gallery .gallery-item{display:inline-block;text-align:center;vertical-align:top;width:100%;max-width:100%;margin:0 auto}.elementor-image-gallery .gallery-item img{margin:0 auto}.elementor-image-gallery .gallery-item .gallery-caption{margin:0}.elementor-image-gallery figure img{display:block}.elementor-image-gallery figure figcaption{width:100%}.gallery-spacing-custom .elementor-image-gallery .gallery-icon{padding:0}@media (min-width:768px){.elementor-image-gallery .gallery-columns-2 .gallery-item{max-width:50%}.elementor-image-gallery .gallery-columns-3 .gallery-item{max-width:33.33%}.elementor-image-gallery .gallery-columns-4 .gallery-item{max-width:25%}.elementor-image-gallery .gallery-columns-5 .gallery-item{max-width:20%}.elementor-image-gallery .gallery-columns-6 .gallery-item{max-width:16.666%}.elementor-image-gallery .gallery-columns-7 .gallery-item{max-width:14.28%}.elementor-image-gallery .gallery-columns-8 .gallery-item{max-width:12.5%}.elementor-image-gallery .gallery-columns-9 .gallery-item{max-width:11.11%}.elementor-image-gallery .gallery-columns-10 .gallery-item{max-width:10%}}@media (min-width:480px) and (max-width:767px){.elementor-image-gallery .gallery.gallery-columns-2 .gallery-item,.elementor-image-gallery .gallery.gallery-columns-3 .gallery-item,.elementor-image-gallery .gallery.gallery-columns-4 .gallery-item,.elementor-image-gallery .gallery.gallery-columns-5 .gallery-item,.elementor-image-gallery .gallery.gallery-columns-6 .gallery-item,.elementor-image-gallery .gallery.gallery-columns-7 .gallery-item,.elementor-image-gallery .gallery.gallery-columns-8 .gallery-item,.elementor-image-gallery .gallery.gallery-columns-9 .gallery-item,.elementor-image-gallery .gallery.gallery-columns-10 .gallery-item{max-width:50%}}@media (max-width:479px){.elementor-image-gallery .gallery.gallery-columns-2 .gallery-item,.elementor-image-gallery .gallery.gallery-columns-3 .gallery-item,.elementor-image-gallery .gallery.gallery-columns-4 .gallery-item,.elementor-image-gallery .gallery.gallery-columns-5 .gallery-item,.elementor-image-gallery .gallery.gallery-columns-6 .gallery-item,.elementor-image-gallery .gallery.gallery-columns-7 .gallery-item,.elementor-image-gallery .gallery.gallery-columns-8 .gallery-item,.elementor-image-gallery .gallery.gallery-columns-9 .gallery-item,.elementor-image-gallery .gallery.gallery-columns-10 .gallery-item{max-width:100%}}<\/style>\t\t<div class=\"elementor-image-gallery\">\n\t\t\t<div id='gallery-1' class='gallery galleryid-862 gallery-columns-3 gallery-size-full'><figure class='gallery-item'>\n\t\t\t<div class='gallery-icon landscape'>\n\t\t\t\t<a data-elementor-open-lightbox=\"yes\" data-elementor-lightbox-slideshow=\"799e7fc2\" data-elementor-lightbox-title=\"Formation_post_permis(1)\" data-e-action-hash=\"#elementor-action%3Aaction%3Dlightbox%26settings%3DeyJpZCI6ODY1LCJ1cmwiOiJodHRwczpcL1wvd3d3Lmxlc2NyZXVzZXR0ZXMuZnJcL3dwLWNvbnRlbnRcL3VwbG9hZHNcLzIwMjNcLzEwXC9Gb3JtYXRpb25fcG9zdF9wZXJtaXMxLmpwZyIsInNsaWRlc2hvdyI6Ijc5OWU3ZmMyIn0%3D\" href='https:\/\/www.lescreusettes.fr\/wp-content\/uploads\/2023\/10\/Formation_post_permis1.jpg'><img fetchpriority=\"high\" decoding=\"async\" width=\"757\" height=\"757\" src=\"https:\/\/www.lescreusettes.fr\/wp-content\/uploads\/2023\/10\/Formation_post_permis1.jpg\" class=\"attachment-full size-full\" alt=\"\" srcset=\"https:\/\/www.lescreusettes.fr\/wp-content\/uploads\/2023\/10\/Formation_post_permis1.jpg 757w, https:\/\/www.lescreusettes.fr\/wp-content\/uploads\/2023\/10\/Formation_post_permis1-300x300.jpg 300w, https:\/\/www.lescreusettes.fr\/wp-content\/uploads\/2023\/10\/Formation_post_permis1-150x150.jpg 150w\" sizes=\"(max-width: 757px) 100vw, 757px\" \/><\/a>\n\t\t\t<\/div><\/figure><figure class='gallery-item'>\n\t\t\t<div class='gallery-icon landscape'>\n\t\t\t\t<a data-elementor-open-lightbox=\"yes\" data-elementor-lightbox-slideshow=\"799e7fc2\" data-elementor-lightbox-title=\"formation_post_permis_salle_ok\" data-e-action-hash=\"#elementor-action%3Aaction%3Dlightbox%26settings%3DeyJpZCI6MTQwNywidXJsIjoiaHR0cHM6XC9cL3d3dy5sZXNjcmV1c2V0dGVzLmZyXC93cC1jb250ZW50XC91cGxvYWRzXC8yMDIzXC8xMFwvZm9ybWF0aW9uX3Bvc3RfcGVybWlzX3NhbGxlX29rLmpwZyIsInNsaWRlc2hvdyI6Ijc5OWU3ZmMyIn0%3D\" href='https:\/\/www.lescreusettes.fr\/wp-content\/uploads\/2023\/10\/formation_post_permis_salle_ok.jpg'><img decoding=\"async\" width=\"757\" height=\"757\" src=\"https:\/\/www.lescreusettes.fr\/wp-content\/uploads\/2023\/10\/formation_post_permis_salle_ok.jpg\" class=\"attachment-full size-full\" alt=\"\" srcset=\"https:\/\/www.lescreusettes.fr\/wp-content\/uploads\/2023\/10\/formation_post_permis_salle_ok.jpg 757w, https:\/\/www.lescreusettes.fr\/wp-content\/uploads\/2023\/10\/formation_post_permis_salle_ok-300x300.jpg 300w, https:\/\/www.lescreusettes.fr\/wp-content\/uploads\/2023\/10\/formation_post_permis_salle_ok-150x150.jpg 150w\" sizes=\"(max-width: 757px) 100vw, 757px\" \/><\/a>\n\t\t\t<\/div><\/figure><figure class='gallery-item'>\n\t\t\t<div class='gallery-icon landscape'>\n\t\t\t\t<a data-elementor-open-lightbox=\"yes\" data-elementor-lightbox-slideshow=\"799e7fc2\" data-elementor-lightbox-title=\"Formation_post_permis(2)\" data-e-action-hash=\"#elementor-action%3Aaction%3Dlightbox%26settings%3DeyJpZCI6ODY2LCJ1cmwiOiJodHRwczpcL1wvd3d3Lmxlc2NyZXVzZXR0ZXMuZnJcL3dwLWNvbnRlbnRcL3VwbG9hZHNcLzIwMjNcLzEwXC9Gb3JtYXRpb25fcG9zdF9wZXJtaXMyLmpwZyIsInNsaWRlc2hvdyI6Ijc5OWU3ZmMyIn0%3D\" href='https:\/\/www.lescreusettes.fr\/wp-content\/uploads\/2023\/10\/Formation_post_permis2.jpg'><img decoding=\"async\" width=\"757\" height=\"757\" src=\"https:\/\/www.lescreusettes.fr\/wp-content\/uploads\/2023\/10\/Formation_post_permis2.jpg\" class=\"attachment-full size-full\" alt=\"\" srcset=\"https:\/\/www.lescreusettes.fr\/wp-content\/uploads\/2023\/10\/Formation_post_permis2.jpg 757w, https:\/\/www.lescreusettes.fr\/wp-content\/uploads\/2023\/10\/Formation_post_permis2-300x300.jpg 300w, https:\/\/www.lescreusettes.fr\/wp-content\/uploads\/2023\/10\/Formation_post_permis2-150x150.jpg 150w\" sizes=\"(max-width: 757px) 100vw, 757px\" \/><\/a>\n\t\t\t<\/div><\/figure>\n\t\t<\/div>\n\t\t<\/div>\n\t\t\t\t<\/div>\n\t\t\t\t<\/div>\n\t\t\t\t\t<\/div>\n\t\t<\/div>\n\t\t\t\t\t\t\t<\/div>\n\t\t<\/section>\n\t\t\t\t\t\t\t<\/div>\n\t\t","protected":false},"excerpt":{"rendered":"<p>Formation post-permis 12 points plus vite ! La formation post-permis permet une r\u00e9duction de la p\u00e9riode probatoire.\u00a0 D\u00e9roulement de la formation La formation post permis vous permet d&rsquo;obtenir 12 points plus rapidement !\u00a0 R\u00e9duction de la p\u00e9riode probatoire en seulement une journ\u00e9e de stage d&rsquo;une dur\u00e9e de 7 heures. Elle concerne les jeunes d\u00e9tenteurs des [&hellip;]<\/p>\n","protected":false},"author":1,"featured_media":0,"parent":0,"menu_order":0,"comment_status":"closed","ping_status":"closed","template":"","meta":{"footnotes":""},"class_list":["post-862","page","type-page","status-publish","hentry"],"_links":{"self":[{"href":"https:\/\/www.lescreusettes.fr\/index.php?rest_route=\/wp\/v2\/pages\/862","targetHints":{"allow":["GET"]}}],"collection":[{"href":"https:\/\/www.lescreusettes.fr\/index.php?rest_route=\/wp\/v2\/pages"}],"about":[{"href":"https:\/\/www.lescreusettes.fr\/index.php?rest_route=\/wp\/v2\/types\/page"}],"author":[{"embeddable":true,"href":"https:\/\/www.lescreusettes.fr\/index.php?rest_route=\/wp\/v2\/users\/1"}],"replies":[{"embeddable":true,"href":"https:\/\/www.lescreusettes.fr\/index.php?rest_route=%2Fwp%2Fv2%2Fcomments&post=862"}],"version-history":[{"count":16,"href":"https:\/\/www.lescreusettes.fr\/index.php?rest_route=\/wp\/v2\/pages\/862\/revisions"}],"predecessor-version":[{"id":1410,"href":"https:\/\/www.lescreusettes.fr\/index.php?rest_route=\/wp\/v2\/pages\/862\/revisions\/1410"}],"wp:attachment":[{"href":"https:\/\/www.lescreusettes.fr\/index.php?rest_route=%2Fwp%2Fv2%2Fmedia&parent=862"}],"curies":[{"name":"wp","href":"https:\/\/api.w.org\/{rel}","templated":true}]}}